37?
31
What is the remainder when 5853 is divided by 77?
1
What is the remainder when 1248 is divided by 5?
3
Calculate the remainder when 1161 is divided by 534.
93
Calculate the remainder when 41498 is divided by 638.
28
Calculate the remainder when 833 is divided by 9.
5
Calculate the remainder when 20810 is divided by 10275.
260
Calculate the remainder when 100482 is divided by 283.
17
Calculate the remainder when 351 is divided by 194.
157
What is the remainder when 7238 is divided by 454?
428
What is the remainder when 7035 is divided by 32?
27
Calculate the remainder when 2555 is divided by 795.
170
Calculate the remainder when 12962 is divided by 2033.
764
Calculate the remainder when 31040 is divided by 102.
32
What is the remainder when 260154 is divided by 13?
11
Calculate the remainder when 25207 is divided by 1047.
79
Calculate the remainder when 9297 is divided by 5.
2
Calculate the remainder when 284841 is divided by 42.
39
What is the remainder when 2237 is divided by 523?
145
What is the remainder when 388491 is divided by 382?
379
Calculate the remainder when 12169 is divided by 30.
19
Calculate the remainder when 280051 is divided by 15558.
7
Calculate the remainder when 4617 is divided by 4606.
11
What is the remainder when 22089 is divided by 122?
7
What is the remainder when 2835585 is divided by 103?
98
What is the remainder when 21204 is divided by 366?
342
Calculate the remainder when 32443 is divided by 119.
75
What is the remainder when 939120 is divided by 234776?
16
What is the remainder when 9629 is divided by 1068?
17
Calculate the remainder when 2447 is divided by 2430.
17
Calculate the remainder when 1445 is divided by 447.
104
What is the remainder when 4532 is divided by 679?
458
What is the remainder when 10895 is divided by 3606?
77
What is the remainder when 2087 is divided by 165?
107
Calculate the remainder when 401 is divided by 386.
15
What is the remainder when 4272 is divided by 348?
96
What is the remainder when 32430 is divided by 32296?
134
What is the remainder when 20526 is divided by 941?
765
Calculate the remainder when 37032 is divided by 481.
476
Calculate the remainder when 8883 is divided by 682.
17
What is the remainder when 50363 is divided by 5?
3
Calculate the remainder when 4739 is divided by 459.
149
What is the remainder when 6339 is divided by 3165?
9
What is the remainder when 19285 is divided by 19280?
5
Calculate the remainder when 395213 is divided by 79042.
3
Calculate the remainder when 363425 is divided by 656.
1
Calculate the remainder when 4916 is divided by 674.
198
What is the remainder when 26657 is divided by 40?
17
Calculate the remainder when 14777 is divided by 189.
35
Calculate the remainder when 2147 is divided by 1920.
227
Calculate the remainder when 2751 is divided by 1347.
57
What is the remainder when 11701 is divided by 3823?
232
Calculate the remainder when 11226 is divided by 47.
40
Calculate the remainder when 5892 is divided by 26.
16
What is the remainder when 27962 is divided by 259?
249
Calculate the remainder when 6629 is divided by 3282.
65
What is the remainder when 498677 is divided by 21?
11
What is the remainder when 5097 is divided by 2494?
109
Calculate the remainder when 1957 is divided by 72.
13
What is the remainder when 37330 is divided by 12?
10
Calculate the remainder when 3920 is divided by 37.
35
Calculate the remainder when 1065 is divided by 154.
141
What is the remainder when 501 is divided by 131?
108
Calculate the remainder when 48717 is divided by 560.
557
What is the remainder when 4016 is divided by 3562?
454
What is the remainder when 2233 is divided by 1391?
842
Calculate the remainder when 215515 is divided by 19.
17
What is the remainder when 3149 is divided by 463?
371
What is the remainder when 5046 is divided by 633?
615
Calculate the remainder when 1064 is divided by 526.
12
What is the remainder when 287545 is divided by 13?
11
What is the remainder when 11024 is divided by 115?
99
Calculate the remainder when 26216 is divided by 38.
34
What is the remainder when 4053 is divided by 408?
381
What is the remainder when 141656 is divided by 274?
272
Calculate the remainder when 744 is divided by 3.
0
Calculate the remainder when 3021 is divided by 720.
141
Calculate the remainder when 14582 is divided by 365.
347
Calculate the remainder when 290461 is divided by 22.
17
What is the remainder when 155419 is divided by 27?
7
What is the remainder when 2600 is divided by 779?
263
Calculate the remainder when 13457838 is divided by 176.
174
Calculate the remainder when 125095 is divided by 152.
151
What is the remainder when 430497 is divided by 123?
120
What is the remainder when 16178 is divided by 260?
58
What is the remainder when 876 is divided by 101?
68
What is the remainder when 1167 is divided by 548?
71
Calculate the remainder when 17580 is divided by 322.
192
What is the remainder when 96714 is divided by 329?
317
What is the remainder when 169437 is divided by 84712?
13
Calculate the remainder when 30993 is divided by 7.
4
Calculate the remainder when 5499 is divided by 1323.
207
What is the remainder when 11344 is divided by 184?
120
What is the remainder when 30870 is divided by 71?
56
Calculate the remainder when 1822 is divided by 1595.
227
Calculate the remainder when 21827 is divided by 7206.
209
What is the remainder when 70744 is divided by 53?
42
What is the remainder when 11832 is divided by 5854?
124
Calculate the remainder when 21690 is divided by 310.
300
Calculate the remainder when 74419 is divided by 7.
2
What is the remainder when 9878 is divided by 1975?
3
Calculate the remainder when 745709 is divided by 44.
41
Calculate the remainder when 8715 is divided by 598.
343
What is the remainder when 1217885 is divided by 38?
23
Calculate the remainder when 3361 is divided by 1083.
112
What is the remainder when 40890 is divided by 1700?
90
What is the remainder when 388233 is divided by 723?
705
Calculate the remainder when 197713 is divided by 242.
241
Calculate the remainder when 127033 is divided by 13.
10
Calculate the remainder when 6628 is divided by 688.
436
What is the remainder when 21997 is divided by 220?
217
Calculate the remainder when 5541 is divided by 5531.
10
What is the remainder when 3502 is divided by 1071?
289
What is the remainder when 21284 is divided by 43?
42
Calculate the remainder when 268796 is divided by 6.
2
What is the remainder when 281375 is divided by 25579?
6
What is the remainder when 3418 is divided by 583?
503
Calculate the remainder when 12834 is divided by 131.
127
Calculate the remainder when 88924 is divided by 44454.
16
What is the remainder when 4597316 is divided by 84?
80
Calculate the remainder when 19508 is divided by 4837.
160
Calculate the remainder when 61920 is divided by 110.
100
What is the remainder when 2801 is divided by 1384?
33
What is the remainder when 9759 is divided by 2426?
55
Calculate the remainder when 1132 is divided by 580.
552
What is the remainder when 1908 is divided by 1069?
839
Calculate the remainder when 18562 is divided by 41.
30
Calculate the remainder when 120076 is divided by 864.
844
Calculate the remainder when 1808733 is divided by 96.
93
What is the remainder when 547 is divided by 269?
9
What is the remainder when 17588 is divided by 2486?
186
What is the remainder when 194164 is divided by 23?
21
Calculate the remainder when 506049 is divided by 1158.
3
What is the remainder when 2569 is divided by 29?
17
Calculate the remainder when 27500 is divided by 159.
152
What is the remainder when 57651 is divided by 57588?
63
What is the remainder when 25677 is divided by 8524?
105
Calculate the remainder when 60484 is divided by 423.
418
What is the remainder when 8680 is divided by 2645?
745
Calculate the remainder when 6661 is divided by 3183.
295
What is the remainder when 1896 is divided by 1895?
1
What is the remainder when 822 is divided by 589?
233
Calculate the remainder when 125871 is divided by 378.
375
What is the remainder when 528751 is divided by 10575?
1
Calculate the remainder when 1031145 is divided by 43.
5
Calculate the remainder when 49704 is divided by 221.
200
Calculate the remainder when 57657 is 